{"id":924,"date":"2025-07-21T11:41:33","date_gmt":"2025-07-21T11:41:33","guid":{"rendered":"https:\/\/www.mancomunidadpantuena.org\/?page_id=924"},"modified":"2026-04-08T10:31:28","modified_gmt":"2026-04-08T10:31:28","slug":"programa-de-asistencia-material-basica-de-la-comunidad-de-madrid","status":"publish","type":"page","link":"https:\/\/www.mancomunidadpantuena.org\/index.php\/programa-de-asistencia-material-basica-de-la-comunidad-de-madrid\/","title":{"rendered":"Programa de asistencia material b\u00e1sica de la Comunidad de Madrid"},"content":{"rendered":"\n<p><br>Cofinanciado al 90% por el Fondo Social Europeo Plus (FSE+) 2021\/2027<\/p>\n\n\n\n<figure class=\"wp-block-image size-full\"><img loading=\"lazy\" decoding=\"async\" width=\"612\" height=\"395\" src=\"https:\/\/www.mancomunidadpantuena.org\/wp-content\/uploads\/2025\/07\/IMAGEN-COMIDA-1.png\" alt=\"\" class=\"wp-image-925\" srcset=\"https:\/\/www.mancomunidadpantuena.org\/wp-content\/uploads\/2025\/07\/IMAGEN-COMIDA-1.png 612w, https:\/\/www.mancomunidadpantuena.org\/wp-content\/uploads\/2025\/07\/IMAGEN-COMIDA-1-300x194.png 300w, https:\/\/www.mancomunidadpantuena.org\/wp-content\/uploads\/2025\/07\/IMAGEN-COMIDA-1-465x300.png 465w\" sizes=\"auto, (max-width: 612px) 100vw, 612px\" \/><\/figure>\n\n\n\n<p><strong>Objetivos del Programa.<\/strong><\/p>\n\n\n\n<p>El Programa de Asistencia Material B\u00e1sica (Programa B\u00c1SICO), tiene por objeto hacer frente a la privaci\u00f3n material mediante la entrega a personas desfavorecidas con menores a cargo, de una tarjeta monedero con la que podr\u00e1n comprar alimentos y otros productos b\u00e1sicos (como art\u00edculos de higiene tales como jab\u00f3n, champ\u00fa y pasta de dientes, de higiene menstrual y pa\u00f1ales infantiles) en establecimientos designados, adem\u00e1s de contar con medidas de acompa\u00f1amiento que apoyen su inclusi\u00f3n social.<\/p>\n\n\n\n<p>Los establecimientos dispondr\u00e1n de un sistema que permitir\u00e1 facilitar las tarjetas y separar&nbsp;en el paso por caja los productos no elegibles, tales como bebidas y refrescos que contengan gas, az\u00facar o productos sustitutivos; bebidas alcoh\u00f3licas; productos diet\u00e9ticos; boller\u00eda y chucher\u00edas; agua embotellada, salvo en circunstancias en que no se pueda acceder al agua potable y productos elaborados, a excepci\u00f3n de legumbres precocidas y conservas.<\/p>\n\n\n\n<p><strong>Requisitos.<\/strong><\/p>\n\n\n\n<p>Para poder ser destinatario de este Programa, se deber\u00e1n reunir los siguientes requisitos:<\/p>\n\n\n\n<ul class=\"wp-block-list\">\n<li>Formar parte de una unidad familiar con, al menos, un menor a su cargo.<\/li>\n<\/ul>\n\n\n\n<p>A efectos de lo establecido en este programa, se considera unidad familiar la constituida por todas las personas empadronadas en un mismo domicilio y que est\u00e9n unidas entre s\u00ed por v\u00ednculo matrimonial, como pareja de hecho, o por v\u00ednculo hasta el primer grado de consanguinidad o afinidad, adopci\u00f3n y otras personas con las que convivan en virtud de guarda con fines de adopci\u00f3n o acogimiento familiar.<\/p>\n\n\n\n<p>Se considerar\u00e1 pareja de hecho la inscrita en los registros de parejas de hecho de las Comunidades Aut\u00f3nomas, y la constituida con an\u00e1loga relaci\u00f3n de afectividad a la conyugal con menores a cargo.<\/p>\n\n\n\n<p>La persona participante deber\u00e1 tener cumplidos 18 a\u00f1os o m\u00e1s, excepto si se trata de un menor emancipado.<\/p>\n\n\n\n<p>En un mismo domicilio podr\u00e1n convivir varias unidades familiares. En ning\u00fan caso una misma persona podr\u00e1 formar parte de dos o m\u00e1s unidades familiares.<\/p>\n\n\n\n<ul class=\"wp-block-list\">\n<li>Vivir en hogares cuyos ingresos por unidad de consumo sean inferiores al 50,54 por ciento de la renta mediana nacional.<\/li>\n\n\n\n<li>Estar empadronados todos los miembros de la unidad familiar en alg\u00fan municipio de la Comunidad de Madrid.<\/li>\n<\/ul>\n\n\n\n<p><strong>Procedimiento.<\/strong><\/p>\n\n\n\n<p>Los servicios sociales de atenci\u00f3n social primaria de las entidades locales realizar\u00e1n un diagn\u00f3stico de las situaciones de los ciudadanos, una valoraci\u00f3n de la idoneidad de su participaci\u00f3n en este programa, la comprobaci\u00f3n del cumplimiento de los requisitos de acceso al programa y la derivaci\u00f3n a la Direcci\u00f3n General de Servicios Sociales e Integraci\u00f3n de la Comunidad de Madrid, responsable de este programa, as\u00ed como de la prestaci\u00f3n de un servicio de medidas de acompa\u00f1amiento social a los participantes.<\/p>\n\n\n\n<p><strong>Duraci\u00f3n.<\/strong><\/p>\n\n\n\n<p>La ayuda reconocida tendr\u00e1 una validez de doce meses, siendo compatible con cualquier otra ayuda otorgada por las Administraciones p\u00fablicas.<\/p>\n\n\n\n<p><strong>Cuant\u00eda.<\/strong><\/p>\n\n\n\n<p>La cuant\u00eda vinculada a la tarjeta de alimentos estar\u00e1 determinada por lo estipulado en<br>el \u201cPrograma de Asistencia Material B\u00e1sica FSE+ 2021-2027\u201d. Su detalle se contempla en<br>el anexo VII de la resoluci\u00f3n 241\/2026, de 20 de marzo, de la Direcci\u00f3n General de Servicios Sociales e Integraci\u00f3n, de acceso al Programa de asistencia material b\u00e1sica en la Comunidad de Madrid en el per\u00edodo 2026-2028, cofinanciado al 90% por el Fondo Social Europeo Plus (FSE+) 2021-2027.<br>La recarga de las tarjetas se realizar\u00e1 autom\u00e1ticamente de forma peri\u00f3dica (mensual,<br>bimestral o trimestral) a las personas a las que se les haya reconocido la ayuda, pudi\u00e9ndo-<br>se acumular el saldo durante los meses que dure \u00e9sta, sin superar en ning\u00fan caso su per\u00edo-<br>do de vigencia.<br>A trav\u00e9s del aplicativo AMBA, los profesionales de servicios sociales de las entidades<br>locales habilitados al efecto podr\u00e1n consultar en todo momento tanto el estado del expe-<br>diente como el de la tarjeta. De igual modo, tendr\u00e1n acceso a la informaci\u00f3n relativa al de-<br>sarrollo de medidas de acompa\u00f1amiento social del programa.<\/p>\n\n\n\n<p>.<\/p>\n\n\n\n<figure class=\"wp-block-table\"><table class=\"has-fixed-layout\"><tbody><tr><td><strong>N\u00ba de miembros de la unidad familiar<\/strong> (siendo menor de edad al menos uno de ellos)<br><\/td><td><strong>Cuant\u00eda mensual<\/strong><\/td><td><strong>Cuant\u00eda anual (12 meses)<\/strong><\/td><\/tr><tr><td>2 personas<\/td><td>130\u20ac<\/td><td>1.560\u20ac<\/td><\/tr><tr><td>3 personas<\/td><td>160\u20ac<\/td><td>1.920\u20ac<\/td><\/tr><tr><td>4 personas<\/td><td>190\u20ac<\/td><td>2.280\u20ac<\/td><\/tr><tr><td>5 o m\u00e1s personas<\/td><td>220\u20ac<\/td><td>2.640\u20ac<\/td><\/tr><\/tbody><\/table><\/figure>\n\n\n\n<p><strong>Medidas de Acompa\u00f1amiento.<\/strong><\/p>\n\n\n\n<p>El Programa de Asistencia Material B\u00e1sica incluir\u00e1 el desarrollo de una serie de medidas de acompa\u00f1amiento en un plan personalizado de acompa\u00f1amiento social, que se adecuar\u00e1n a las necesidades de la persona destinataria y su unidad familiar, y que estar\u00e1n enmarcadas en un itinerario personalizado orientado a la inclusi\u00f3n social.<\/p>\n\n\n\n<p><strong>\u00bfC\u00f3mo se accede al Programa?.<\/strong><\/p>\n\n\n\n<p>El acceso al programa deber\u00e1 ser prescrito por los servicios sociales de atenci\u00f3n social primaria de las entidades locales.<\/p>\n\n\n\n<p><strong>MANCOMUNIDAD DE SERVICIOS SOCIALES PANTUE\u00d1A<\/strong><\/p>\n\n\n\n<p>c\/ Mayor 42. 28813 Torres de la Alameda<\/p>\n\n\n\n<p>Tel\u00e9fono: 91 886 82 59<\/p>\n\n\n\n<p>Anchuelo, Corpa, Pezuela de las Torres, Santorcaz, Torres de la Alameda y Valverde de Alcal\u00e1<\/p>\n\n\n\n<figure class=\"wp-block-image size-full\"><img loading=\"lazy\" decoding=\"async\" width=\"568\" height=\"81\" src=\"https:\/\/www.mancomunidadpantuena.org\/wp-content\/uploads\/2025\/07\/logos.png\" alt=\"\" class=\"wp-image-926\" srcset=\"https:\/\/www.mancomunidadpantuena.org\/wp-content\/uploads\/2025\/07\/logos.png 568w, https:\/\/www.mancomunidadpantuena.org\/wp-content\/uploads\/2025\/07\/logos-300x43.png 300w, https:\/\/www.mancomunidadpantuena.org\/wp-content\/uploads\/2025\/07\/logos-500x71.png 500w\" sizes=\"auto, (max-width: 568px) 100vw, 568px\" \/><\/figure>\n\n\n\n<p><br><a href=\"https:\/\/www.bocm.es\/boletin\/CM_Orden_BOCM\/2026\/04\/07\/BOCM-20260407-31.PDF\">https:\/\/www.bocm.es\/boletin\/CM_Orden_BOCM\/2026\/04\/07\/BOCM-20260407-31.PDF<\/a><\/p>\n\n\n\n<p><\/p>\n\n\n\n<p><\/p>\n","protected":false},"excerpt":{"rendered":"<p>Cofinanciado al 90% por el Fondo Social Europeo Plus (FSE+) 2021\/2027 Objetivos del Programa. El Programa de Asistencia Material B\u00e1sica (Programa B\u00c1SICO), tiene por objeto hacer frente a la privaci\u00f3n material mediante la entrega a personas desfavorecidas con menores a &hellip; <a href=\"https:\/\/www.mancomunidadpantuena.org\/index.php\/programa-de-asistencia-material-basica-de-la-comunidad-de-madrid\/\">Sigue leyendo <span class=\"meta-nav\">&rarr;<\/span><\/a><\/p>\n","protected":false},"author":1,"featured_media":925,"parent":0,"menu_order":0,"comment_status":"closed","ping_status":"closed","template":"","meta":{"footnotes":""},"class_list":["post-924","page","type-page","status-publish","has-post-thumbnail","hentry"],"_links":{"self":[{"href":"https:\/\/www.mancomunidadpantuena.org\/index.php\/wp-json\/wp\/v2\/pages\/924","targetHints":{"allow":["GET"]}}],"collection":[{"href":"https:\/\/www.mancomunidadpantuena.org\/index.php\/wp-json\/wp\/v2\/pages"}],"about":[{"href":"https:\/\/www.mancomunidadpantuena.org\/index.php\/wp-json\/wp\/v2\/types\/page"}],"author":[{"embeddable":true,"href":"https:\/\/www.mancomunidadpantuena.org\/index.php\/wp-json\/wp\/v2\/users\/1"}],"replies":[{"embeddable":true,"href":"https:\/\/www.mancomunidadpantuena.org\/index.php\/wp-json\/wp\/v2\/comments?post=924"}],"version-history":[{"count":3,"href":"https:\/\/www.mancomunidadpantuena.org\/index.php\/wp-json\/wp\/v2\/pages\/924\/revisions"}],"predecessor-version":[{"id":1098,"href":"https:\/\/www.mancomunidadpantuena.org\/index.php\/wp-json\/wp\/v2\/pages\/924\/revisions\/1098"}],"wp:featuredmedia":[{"embeddable":true,"href":"https:\/\/www.mancomunidadpantuena.org\/index.php\/wp-json\/wp\/v2\/media\/925"}],"wp:attachment":[{"href":"https:\/\/www.mancomunidadpantuena.org\/index.php\/wp-json\/wp\/v2\/media?parent=924"}],"curies":[{"name":"wp","href":"https:\/\/api.w.org\/{rel}","templated":true}]}}