{"id":51,"date":"2021-04-22T11:31:46","date_gmt":"2021-04-22T11:31:46","guid":{"rendered":"http:\/\/www.mancomunidadpantuena.org\/?page_id=51"},"modified":"2021-04-22T11:32:03","modified_gmt":"2021-04-22T11:32:03","slug":"punto-municipal-de-violencia-de-genero","status":"publish","type":"page","link":"https:\/\/www.mancomunidadpantuena.org\/index.php\/punto-municipal-de-violencia-de-genero\/","title":{"rendered":"Punto Municipal de Violencia de G\u00e9nero"},"content":{"rendered":"\n<p>Servicio especializado en el tratamiento, orientaci\u00f3n y acompa\u00f1amiento a todas aquellas personas que han sufrido violencia de g\u00e9nero, de forma directa o indirecta.<\/p>\n\n\n\n<p>\u00b7&nbsp;Mujeres, ya sean adultas&nbsp; y\/o menores de edad;<\/p>\n\n\n\n<p>\u00b7&nbsp;Los hijos e hijas de las mujeres v\u00edctimas de la violencia de g\u00e9nero<\/p>\n\n\n\n<p>Las personas dependientes de las propias v\u00edctimas que hayan sufrido esta violencia de forma indirecta o directa.<\/p>\n\n\n\n<p>Este espacio est\u00e1 formado por un equipo profesional que&nbsp; ofrece desde la confidencialidad,<\/p>\n\n\n\n<p>\u00b7&nbsp;Valoraci\u00f3n&nbsp; y Asistencia Social de las necesidades espec\u00edficas, seg\u00fan la situaci\u00f3n de cada persona, ofreciendo orientaci\u00f3n y ayuda en los tr\u00e1mites necesarios y seguimiento posterior.<\/p>\n\n\n\n<p>\u00b7&nbsp; Atenci\u00f3n e Intervenci\u00f3n Psicol\u00f3gica adulta e infantil.<\/p>\n\n\n\n<p>Asesoramiento y acompa\u00f1amiento jur\u00eddico en el proceso judicial, desde antes de la denuncia, seguimiento de medidas judiciales, hasta el cierre del proceso judicial.<\/p>\n\n\n\n<p>Se realizan actividades de prevenci\u00f3n de la violencia de g\u00e9nero, campa\u00f1as de sensibilizaci\u00f3n y divulgaci\u00f3n&nbsp; en diferentes colectivos y poblaci\u00f3n general. Se realizan&nbsp; programas de promoci\u00f3n de la igualdad de oportunidades entre mujeres y hombres a trav\u00e9s de talleres y otras&nbsp; actividades.<\/p>\n\n\n\n<p>Contacto:<\/p>\n\n\n\n<p><strong>Tel\u00e9fonos de contacto: 91.886.82.59&nbsp;<\/strong><\/p>\n\n\n\n<p><strong>606.59.01.59 (directo al punto de violencia)<\/strong><\/p>\n\n\n\n<p>Email: pmorvg.pantuena@gmail.com<\/p>\n\n\n\n<p>http:\/\/sspantuena.sedelectronica.es<\/p>\n\n\n\n<figure class=\"wp-block-image size-large\"><img loading=\"lazy\" decoding=\"async\" width=\"545\" height=\"449\" src=\"http:\/\/www.mancomunidadpantuena.org\/wp-content\/uploads\/2021\/04\/punto.jpg\" alt=\"\" class=\"wp-image-52\" srcset=\"https:\/\/www.mancomunidadpantuena.org\/wp-content\/uploads\/2021\/04\/punto.jpg 545w, https:\/\/www.mancomunidadpantuena.org\/wp-content\/uploads\/2021\/04\/punto-300x247.jpg 300w\" sizes=\"auto, (max-width: 545px) 100vw, 545px\" \/><\/figure>\n","protected":false},"excerpt":{"rendered":"<p>Servicio especializado en el tratamiento, orientaci\u00f3n y acompa\u00f1amiento a todas aquellas personas que han sufrido violencia de g\u00e9nero, de forma directa o indirecta. \u00b7&nbsp;Mujeres, ya sean adultas&nbsp; y\/o menores de edad; \u00b7&nbsp;Los hijos e hijas de las mujeres v\u00edctimas de &hellip; <a href=\"https:\/\/www.mancomunidadpantuena.org\/index.php\/punto-municipal-de-violencia-de-genero\/\">Sigue leyendo <span class=\"meta-nav\">&rarr;<\/span><\/a><\/p>\n","protected":false},"author":1,"featured_media":0,"parent":0,"menu_order":0,"comment_status":"closed","ping_status":"closed","template":"","meta":{"footnotes":""},"class_list":["post-51","page","type-page","status-publish","hentry"],"_links":{"self":[{"href":"https:\/\/www.mancomunidadpantuena.org\/index.php\/wp-json\/wp\/v2\/pages\/51","targetHints":{"allow":["GET"]}}],"collection":[{"href":"https:\/\/www.mancomunidadpantuena.org\/index.php\/wp-json\/wp\/v2\/pages"}],"about":[{"href":"https:\/\/www.mancomunidadpantuena.org\/index.php\/wp-json\/wp\/v2\/types\/page"}],"author":[{"embeddable":true,"href":"https:\/\/www.mancomunidadpantuena.org\/index.php\/wp-json\/wp\/v2\/users\/1"}],"replies":[{"embeddable":true,"href":"https:\/\/www.mancomunidadpantuena.org\/index.php\/wp-json\/wp\/v2\/comments?post=51"}],"version-history":[{"count":2,"href":"https:\/\/www.mancomunidadpantuena.org\/index.php\/wp-json\/wp\/v2\/pages\/51\/revisions"}],"predecessor-version":[{"id":55,"href":"https:\/\/www.mancomunidadpantuena.org\/index.php\/wp-json\/wp\/v2\/pages\/51\/revisions\/55"}],"wp:attachment":[{"href":"https:\/\/www.mancomunidadpantuena.org\/index.php\/wp-json\/wp\/v2\/media?parent=51"}],"curies":[{"name":"wp","href":"https:\/\/api.w.org\/{rel}","templated":true}]}}