{"id":277,"date":"2021-04-30T12:33:56","date_gmt":"2021-04-30T12:33:56","guid":{"rendered":"http:\/\/www.mancomunidadpantuena.org\/?page_id=277"},"modified":"2025-05-09T07:24:25","modified_gmt":"2025-05-09T07:24:25","slug":"informes-de-integracion","status":"publish","type":"page","link":"https:\/\/www.mancomunidadpantuena.org\/index.php\/informes-de-integracion\/","title":{"rendered":"Informes de Integraci\u00f3n"},"content":{"rendered":"<h2>Informe de Arraigo<\/h2>\n<h4>Requisitos<\/h4>\n<p align=\"justify\">No ser ciudadano de la Uni\u00f3n Europea, del Espacio Econ\u00f3mico Europeo o de Suiza, o familiar de ciudadanos de estos pa\u00edses a los que les sea de aplicaci\u00f3n el r\u00e9gimen comunitario.<\/p>\n<p align=\"justify\">Llevar 3 a\u00f1os en Espa\u00f1a de forma continuada.<\/p>\n<h4>Criterios de valoraci\u00f3n<\/h4>\n<p align=\"justify\">El solicitante tiene que aportar certificado de empadronamiento hist\u00f3rico vigente (emitido en los tres \u00faltimos meses) de la <strong>Comunidad de Madrid<\/strong><\/p>\n<h4 align=\"justify\">Medios de vida<\/h4>\n<p align=\"justify\">Contrato de trabajo firmado por el empleador para un periodo no inferior a un a\u00f1o (duraci\u00f3n 1 a\u00f1o, doce meses o indefinido)<\/p>\n<p align=\"justify\">La empresa del empleador tiene que estar inscrita en la Seguridad Social y con sede social en Espa\u00f1a<\/p>\n<p align=\"justify\">Tambi\u00e9n se admite la presentaci\u00f3n de varios contratos en una misma ocupaci\u00f3n, trabajando simult\u00e1neamente para m\u00e1s de un empleador, todos de duraci\u00f3n m\u00ednima de un a\u00f1o y cuya suma total debe representar una jornada semanal no inferior a 30 horas en c\u00f3mputo global.<\/p>\n<p align=\"justify\">En el sector agrario, se podr\u00e1n presentar dos contratos con distintos empresarios y concatenados, con una duraci\u00f3n m\u00ednima cada uno de ellos de seis meses.<\/p>\n<p align=\"justify\">Exenci\u00f3n de contrato de trabajo:<\/p>\n<ul>\n<li>\n<p align=\"justify\">Cuando se acredite que cuenta con medios econ\u00f3micos suficientes<\/p>\n<\/li>\n<li>\n<p align=\"justify\">Medios econ\u00f3micos derivados de una actividad por cuenta propia<\/p>\n<\/li>\n<\/ul>\n<h4 align=\"justify\">Conoce tus leyes (requisito eximido durante la pandemia)<\/h4>\n<p align=\"justify\">Deber\u00e1n cursar el Programa TODAS las personas que soliciten el informe de Arraigo Social con excepci\u00f3n de:<\/p>\n<p align=\"justify\">-Titulados superiores en Derecho o Ciencias Pol\u00edticas en Espa\u00f1a o cursen el \u00faltimo curso<\/p>\n<p align=\"justify\">-Que tengan el t\u00edtulo debidamente homologado en Espa\u00f1a<\/p>\n<p align=\"justify\">-Que hayan superado el examen del Instituto Cervantes para la adquisici\u00f3n de la nacionalidad<\/p>\n<p align=\"justify\">Quedar\u00e1n eximidas:<\/p>\n<p align=\"justify\">Los mayores de 65 a\u00f1os<\/p>\n<p align=\"justify\">Las personas con discapacidades f\u00edsicas o ps\u00edquicas graves que aporten un certificado m\u00e9dico de su discapacidad y que le impida realizar los m\u00f3dulos<\/p>\n<p align=\"justify\">Las personas que hayan realizado cursos en las materias de cada uno de los m\u00f3dulos y que puedan ser convalidables, siempre y cuando hayan sido realizados con Entidades de reconocido prestigio.<\/p>\n<h4 align=\"justify\">Eficacia comunicativa<\/h4>\n<p align=\"justify\">Los solicitantes deber\u00e1n superar la prueba PECOLE, supone ser capaz de manejarse en las actividades b\u00e1sicas de la vida diaria.<\/p>\n<h4 align=\"justify\">Documentaci\u00f3n<\/h4>\n<ol>\n<li>\n<p align=\"justify\">Pasaporte<\/p>\n<\/li>\n<li>\n<p align=\"justify\">Volante de empadronamiento hist\u00f3rico<\/p>\n<\/li>\n<li>\n<p align=\"justify\">Certificados de programas educativos o de formaci\u00f3n laboral realizados<\/p>\n<\/li>\n<li>\n<p align=\"justify\">Certificado del Programa <b>Conoce tus leyes<\/b><\/p>\n<\/li>\n<li>\n<p align=\"justify\">Contrato de trabajo o documentaci\u00f3n acreditativa en caso de excepcionalidad<\/p>\n<\/li>\n<li>\n<p align=\"justify\">Resguardo de haber pagado la tasa. Tr\u00e1mite online:<\/p>\n<\/li>\n<li>\n<p align=\"justify\"><a href=\"https:\/\/gestiona7.madrid.org\/rtas_webapp_pagotasas\/#!\/app-tasa-usuario\">Pago de Tasas<\/a><\/p>\n<\/li>\n<\/ol>\n<h4 style=\"text-align: left;\" align=\"center\">Informe de adecuaci\u00f3n de vivienda para reagrupaci\u00f3n familiar<\/h4>\n<p align=\"justify\"><b>\u00bfQui\u00e9n puede solicitarlo?<\/b><\/p>\n<p align=\"justify\">Personas\u00a0<strong>extranjeras<\/strong>\u00a0que tengan su domicilio habitual en un municipio de la Mancomunidad y que pretendan\u00a0<strong>reagrupar a su familia<\/strong>\u00a0y\/o acogerse a supuestos asimilados. Se exige al solicitante que acredite que cuenta con una vivienda adecuada para atender sus necesidades y las de su familia.<\/p>\n<p align=\"justify\"><b>Familiares a reagrupar<\/b><\/p>\n<p align=\"justify\">C\u00f3nyuge o pareja de hecho inscrita en un registro p\u00fablico<\/p>\n<p align=\"justify\">Hijos menores de 18 a\u00f1os o mayores discapacitados del reagrupante y del c\u00f3nyuge o pareja incluidos los adoptados. Si es hijo de uno de los c\u00f3nyuges o miembros de la pareja, esta deber\u00e1 ejercer en solitario la Patria Potestad o se le debe haber otorgado la Custodia, la residencia en Espa\u00f1a debe estar autorizada por el otro progenitor.<\/p>\n<p align=\"justify\">Representados legalmente por el reagrupante, menores de 18 a\u00f1os o discapacitados<\/p>\n<p align=\"justify\">Ascendientes en primer grado del reagrupante residente de larga duraci\u00f3n, o de su pareja o c\u00f3nyuge, cuando est\u00e9n a su cargo, sean mayores de 65 a\u00f1os y existan razones que justifiquen la necesidad de autorizar la residencia en Espa\u00f1a.<\/p>\n<p align=\"justify\">Ascendiente menores de 65 a\u00f1os y concurran razones humanitarias<\/p>\n<p align=\"justify\"><b>Los familiares a reagrupar no pueden estar empadronados ni residir en Espa\u00f1a, salvo los hijos residentes no nacidos en Espa\u00f1a.<\/b><\/p>\n<p align=\"justify\"><b>R\u00e9gimen de la vivienda<\/b><\/p>\n<p align=\"justify\">Propiedad del reagrupante, o de su c\u00f3nyuge o pareja<\/p>\n<p align=\"justify\">Alquiler a nombre del reagrupante, o de su c\u00f3nyuge o pareja.<\/p>\n<p align=\"justify\"><b>Documentaci\u00f3n a presentar<\/b><\/p>\n<ol>\n<li>\n<p align=\"justify\">NIE-PASAPORTE<\/p>\n<\/li>\n<li>\n<p align=\"justify\">Documentaci\u00f3n de la persona a reagrupar que acredite el v\u00ednculo con el reagrupante<\/p>\n<\/li>\n<li>\n<p align=\"justify\">Volante de convivencia vigente<\/p>\n<\/li>\n<li>\n<p align=\"justify\">Contrato de alquiler<\/p>\n<\/li>\n<li>\n<p align=\"justify\">\u00daltimas facturas de luz, agua y gas<\/p>\n<\/li>\n<li>\n<p align=\"justify\">Contrato de trabajo y \u00faltimas n\u00f3minas<\/p>\n<\/li>\n<li>\n<p align=\"justify\">Resguardo de haber pagado la tasa (Tr\u00e1mite online: <a href=\"https:\/\/gestiona7.madrid.org\/rtas_webapp_pagotasas\/#!\/app-tasa-usuario\">Pago de Tasas<\/a><\/p>\n<\/li>\n<\/ol>\n","protected":false},"excerpt":{"rendered":"<p>Informe de Arraigo Requisitos No ser ciudadano de la Uni\u00f3n Europea, del Espacio Econ\u00f3mico Europeo o de Suiza, o familiar de ciudadanos de estos pa\u00edses a los que les sea de aplicaci\u00f3n el r\u00e9gimen comunitario. Llevar 3 a\u00f1os en Espa\u00f1a &hellip; <a href=\"https:\/\/www.mancomunidadpantuena.org\/index.php\/informes-de-integracion\/\">Sigue leyendo <span class=\"meta-nav\">&rarr;<\/span><\/a><\/p>\n","protected":false},"author":1,"featured_media":0,"parent":0,"menu_order":0,"comment_status":"closed","ping_status":"closed","template":"","meta":{"footnotes":""},"class_list":["post-277","page","type-page","status-publish","hentry"],"_links":{"self":[{"href":"https:\/\/www.mancomunidadpantuena.org\/index.php\/wp-json\/wp\/v2\/pages\/277","targetHints":{"allow":["GET"]}}],"collection":[{"href":"https:\/\/www.mancomunidadpantuena.org\/index.php\/wp-json\/wp\/v2\/pages"}],"about":[{"href":"https:\/\/www.mancomunidadpantuena.org\/index.php\/wp-json\/wp\/v2\/types\/page"}],"author":[{"embeddable":true,"href":"https:\/\/www.mancomunidadpantuena.org\/index.php\/wp-json\/wp\/v2\/users\/1"}],"replies":[{"embeddable":true,"href":"https:\/\/www.mancomunidadpantuena.org\/index.php\/wp-json\/wp\/v2\/comments?post=277"}],"version-history":[{"count":10,"href":"https:\/\/www.mancomunidadpantuena.org\/index.php\/wp-json\/wp\/v2\/pages\/277\/revisions"}],"predecessor-version":[{"id":879,"href":"https:\/\/www.mancomunidadpantuena.org\/index.php\/wp-json\/wp\/v2\/pages\/277\/revisions\/879"}],"wp:attachment":[{"href":"https:\/\/www.mancomunidadpantuena.org\/index.php\/wp-json\/wp\/v2\/media?parent=277"}],"curies":[{"name":"wp","href":"https:\/\/api.w.org\/{rel}","templated":true}]}}